70 = 5*h + f. Calculate the greatest common factor of 25 and h.
5
Let c be 7/(14/(-4)) + 3. Let i be 12/18*3*c. Suppose 22 = -i*p + 4*p. Calculate the highest common factor of 11 and p.
11
Let k be (-6)/(-51) - 2200/(-374). Calculate the greatest common factor of k and 18.
6
Let f = 57 - 2. Suppose f = u + 4*o + 19, 0 = u - 4*o - 44. Let a(x) = -2*x. Let j be a(-4). Calculate the highest common factor of j and u.
8
Let p be (-27)/(-6) - (-6)/(-4). Suppose p*u = 25 + 2. Calculate the greatest common divisor of u and 72.
9
Let h = -12 + 14. Let q be (-3)/(-5)*(5 - 0). Suppose g + 3 = 0, -1 = -2*o - h*g + q. What is the highest common divisor of o and 45?
5
Let j be (-15)/3*12/(-10) + 32. What is the greatest common factor of j and 266?
38
Let a(l) be the third derivative of 3*l**6/40 + l**5/20 - l**3/3 + 11*l**2. Let g be a(1). Calculate the highest common divisor of g and 20.
10
Let y(a) = 22*a**2 - 52*a - 17. Let r be y(5). Calculate the greatest common factor of 364 and r.
91
Let w(k) = k**3 - 14*k**2 + 12*k + 24. Let d be w(13). Let r = -10 + d. What is the highest common divisor of r and 9?
1
Let y be 168/98*7*2. Suppose r - y = -3. What is the greatest common factor of r and 14?
7
Let d = -10 - -25. Suppose -d = v - 51. Suppose -s + v = 2*s. Calculate the highest common factor of s and 6.
6
Let l = 36 - 8. Let g be 14 + 2*49/(-14). What is the highest common divisor of l and g?
7
Let b be -24*(-4 - -1 - -1). Suppose -b = -5*m + 32. What is the greatest common divisor of m and 40?
8
Let n(g) = 4*g**2 - 7*g - 5. Let y be n(-1). Calculate the highest common factor of y and 24.
6
Let z = 66 - 63. Suppose 5*y = -q + 212, z*q - 5*y - 349 = q. Suppose 0*v = 2*v - 34. Calculate the highest common divisor of v and q.
17
Let y(l) = -l + 20. Let x be y(13). What is the highest common divisor of 7 and x?
7
Let v = -179 - -197. Calculate the greatest common divisor of v and 450.
18
Let o(r) = 182*r**2 - 8*r + 7. Let g be o(1). Calculate the greatest common factor of g and 1.
1
Let l be (6/(-3) - -1)*(-5 - 16). Suppose -l = -2*c + c. Suppose -o = -5*u + 17 - 44, -129 = -3*o - u. What is the highest common factor of c and o?
21
Let o = 660 + -569. Let p(i) = -i**3 - i**2 + 3*i + 4. Let j be p(-3). Calculate the greatest common divisor of o and j.
13
Suppose 0 = 4*w + z - 288, 3*z + 2*z + 166 = 2*w. Let b be -3 + w + 1 + (9 - 10). Calculate the highest common divisor of b and 175.
35
Let h = -36 - -60. Let y = -23 + h. What is the highest common divisor of 3 and y?
1
Let k = 45 - 37. Let b be (k/(-6 - -4))/((-2)/52). What is the highest common factor of 26 and b?
26
Let w be ((-42)/5)/((-36)/840). What is the highest common divisor of w and 49?
49
Let o = 0 + 1. Suppose 6 = 39*j - 33. Calculate the greatest common factor of j and o.
1
Let h = 765 + -380. What is the greatest common divisor of h and 35?
35
Let h(i) = 58*i - 17 - 4 - 26*i + i**2 - 36*i. Suppose 3*v = b + b - 12, 0 = -2*b - 2*v + 22. Let l be h(b). Calculate the highest common divisor of l and 8.
8
Let g = 138 + 268. Calculate the highest common divisor of g and 232.
58
Suppose -c - 4*z + 22 + 24 = 0, -5*z = c - 50. Suppose p + 0*p = 4*b - c, -5*p - 2*b = 172. Let k = p + 76. Calculate the highest common factor of 63 and k.
21
Let d = -10 - -18. Suppose 401 = 5*y - u, 5*y + 4*u - 316 = y. What is the greatest common factor of y and d?
8
Suppose -398*d + 397*d = 12. Let t be (-1 + -1)/d + (-2372)/(-24). Calculate the highest common divisor of 11 and t.
11
Suppose -28 = -3*c - z, 4 = -c + 4*z - 4. Let h be (3 - (-19)/(-5))*(-4 + -66). What is the greatest common divisor of c and h?
8
Let h(y) = y**2. Let n be h(3). Suppose -36*d - 336 = -64*d. Calculate the highest common divisor of d and n.
3
Suppose 5*h + 7*t - 4*t = 1499, 1196 = 4*h + 4*t. Calculate the greatest common divisor of h and 56.
7
Suppose 4*m + 1 - 18 = -3*p, 2*m - p - 11 = 0. Suppose i + 27 = o + 6, -m*o + 108 = -2*i. Calculate the greatest common divisor of o and 11.
11
Suppose z = 4*s + 70, 3*s + 135 = 3*z + 6*s. Calculate the greatest common divisor of z and 80.
10
Let o(j) = -j**3 + 14*j**2 + 76*j - 67. Let i be o(18). Let p = 2 + 0. Suppose p*n = 33 - 3. Calculate the greatest common factor of n and i.
5
Suppose 0 = h - x - 6, 6 = h + 3*x. Calculate the highest common divisor of 186 and h.
6
Suppose 0 = a - 5*j + 63, 3*a - 7*j + 3*j = -156. Suppose -15*u - 832 = 11*u. Let c = u - a. Calculate the highest common factor of c and 24.
8
Suppose -5*o - 112 = -3*t, -3*t + o + 93 = -35. Suppose 68 = -2*k + k. Let h = -57 - k. Calculate the greatest common factor of t and h.
11
Let t = -1210 - -1212. Calculate the greatest common factor of 738 and t.
2
Let a = -97 - -142. Suppose -7*z = -15*z + 72. Calculate the greatest common divisor of z and a.
9
Suppose 3 + 13 = 4*v. Suppose 0 = 5*n - 10*n + 95. Suppose 2*u + 2 = 2*s, v*u + s - n = -u. Calculate the highest common divisor of u and 21.
3
Suppose 15 = 5*u - 0*u. Let f = -18 + 19. Suppose 3*q + 2*q - 4*p + f = 0, -3*q + 3*p - 3 = 0. What is the greatest common factor of u and q?
3
Suppose -2*j - 1 + 9 = 0, j - 84 = -d. Calculate the highest common divisor of 10 and d.
10
Suppose 0 = -11*g + 188 - 12. Suppose -7*f = -5 - g. Calculate the highest common divisor of f and 6.
3
Let r(a) = a + 28. Let y be r(-5). What is the greatest common factor of y and 69?
23
Let a be -22*(0 + 1*4/(-8)). Suppose -a = -2*x - 1. Calculate the greatest common divisor of x and 1.
1
Let n be (0 - -4)*(-1 - -2). Suppose -n*x = -114 - 126. Suppose -m - 95 = -4*f, 0*f + f = -m + 25. Calculate the greatest common divisor of x and f.
12
Let l = -598 + 718. Calculate the greatest common factor of 24 and l.
24
Let y(j) = -64*j - 787. Let n be y(-32). Calculate the greatest common divisor of n and 52.
13
Suppose -28*u + 770 = -21*u. Calculate the highest common factor of u and 132.
22
Let w = -895 + 1731. What is the highest common divisor of 44 and w?
44
Let y be (2 - -1)*(48 - 21). Let j be 1 + (3 + -1)*4. What is the highest common divisor of j and y?
9
Let x(n) = -n**3 + 28*n**2 - 79*n + 16. Let t be x(21). Calculate the highest common divisor of 152 and t.
76
Suppose 4*j - 67 = 105. Suppose -s + j - 29 = 0. Calculate the highest common factor of 70 and s.
14
Suppose -66528 = 15*l - 99*l. What is the highest common divisor of 11 and l?
11
Let o be ((-22)/6)/((-17)/51). Let f(n) = -2*n**3 - 14*n + 1 + 0 + 13*n - 4*n**2. Let y be f(-3). Calculate the highest common factor of o and y.
11
Let b be 6 + -3 + -3 + (-2 - 0). Let h be -20*b/(32/12). Calculate the greatest common factor of h and 5.
5
Let c = 109 - 107. Let h be -4*(2 + (-17)/c). What is the greatest common factor of h and 39?
13
Suppose 4*s = r - 64, 5*s + 64 = r + 4. What is the greatest common divisor of r and 150?
10
Let j be ((-36)/7 - -8)*(-70)/(-4). Calculate the highest common factor of j and 100.
50
Let n = -425 - -578. Suppose -o = -m - 47, 0 = 4*o + 2*m + 3*m - 143. Suppose o = 3*r - 9. Calculate the highest common factor of n and r.
17
Let d be (-1 - 1*-2) + -36 + 275. Let n be d/(-8)*(-4)/12. Let s(u) = -u**3 - 6*u**2 + 5. Let v be s(-6). What is the greatest common factor of v and n?
5
Let a = -9 - 5. Suppose -4*n + n - 2*g + 98 = 0, -5*g = 5*n - 165. Let x = n + a. What is the highest common factor of 198 and x?
18
Let h be 265/55 + (-4)/(-22). Let o be 6/15 - 140/(-25). Let y(u) = u**2 + 2*u - 13. Let n be y(o). Calculate the greatest common divisor of h and n.
5
Let f = -3859 - -3969. Suppose 5*x - 34 = 66. What is the highest common factor of x and f?
10
Suppose 1180 = -20*g + 16*g. Let j = -163 - g. Calculate the highest common divisor of j and 12.
12
Let y be (0 - -43) + 0 + -1. Let a(t) = -3*t + 4. Let c be a(5). Let m = 25 + c. Calculate the greatest common divisor of m and y.
14
Let h be -8*-1*4/8. Suppose 0 = 5*i - 2*l - 21, -h*i + 9 = -i - 3*l. Suppose -34 = -i*w + 46. What is the greatest common factor of 80 and w?
16
Let l = 118 - 82. Let o = -217 + 201. Let z be ((-24)/15)/(-2 + o/(-10)). What is the highest common divisor of l and z?
4
Let o = 35 + -24. Suppose 3*y - 5*j - 246 = -0*j, -3*j = 2*y - 164. Suppose -s + 5 - 2 = 0, -4*h + y = -2*s. What is the highest common divisor of h and o?
11
Suppose -5*v - 42 = -3*u + 